{"id":1078,"date":"2023-04-13T16:46:04","date_gmt":"2023-04-13T14:46:04","guid":{"rendered":"https:\/\/kotki.ain-point.pl\/?page_id=1078"},"modified":"2023-04-14T15:14:49","modified_gmt":"2023-04-14T13:14:49","slug":"lista-miotow","status":"publish","type":"page","link":"https:\/\/kotki.ain-point.pl\/?page_id=1078","title":{"rendered":"Lista Miot\u00f3w"},"content":{"rendered":"<div data-colibri-id=\"1078-c1\" class=\"style-676 style-local-1078-c1 position-relative\">\n  <!---->\n  <div data-colibri-component=\"section\" data-colibri-id=\"1078-c2\" id=\"initial-content\" class=\"h-section h-section-global-spacing d-flex align-items-lg-center align-items-md-center align-items-center style-677 style-local-1078-c2 position-relative\">\n    <!---->\n    <!---->\n    <div class=\"h-section-grid-container h-section-boxed-container\">\n      <!---->\n      <div data-colibri-id=\"1078-c3\" class=\"h-row-container gutters-row-lg-2 gutters-row-md-2 gutters-row-0 gutters-row-v-lg-2 gutters-row-v-md-2 gutters-row-v-2 style-681 style-local-1078-c3 position-relative\">\n        <!---->\n        <div class=\"h-row justify-content-lg-center justify-content-md-center justify-content-center align-items-lg-stretch align-items-md-stretch align-items-stretch gutters-col-lg-2 gutters-col-md-2 gutters-col-0 gutters-col-v-lg-2 gutters-col-v-md-2 gutters-col-v-2\">\n          <!---->\n          <div class=\"h-column h-column-container d-flex h-col-lg-auto h-col-md-auto h-col-auto style-682-outer style-local-1078-c4-outer\">\n            <div data-colibri-id=\"1078-c4\" class=\"d-flex h-flex-basis h-column__inner h-px-lg-2 h-px-md-2 h-px-2 v-inner-lg-2 v-inner-md-2 v-inner-2 style-682 style-local-1078-c4 position-relative\">\n              <!---->\n              <!---->\n              <div class=\"w-100 h-y-container h-column__content h-column__v-align flex-basis-100 align-self-lg-start align-self-md-start align-self-start\">\n                <!---->\n                <div data-colibri-id=\"1078-c5\" class=\"h-text h-text-component style-683 style-local-1078-c5 position-relative h-element\">\n                  <!---->\n                  <!---->\n                  <div class=\"\">\n                    <p>Wszystkie Mioty urodzone w naszej hodowli&nbsp;<span style=\"font-weight: 400; font-size: 16px; font-family: &quot;Open Sans&quot;; color: rgb(70, 112, 127);\">(tabel\u0119 mo\u017cna sortowa\u0107)<\/span>&nbsp;:&nbsp;<\/p>\n                  <\/div>\n                <\/div>\n              <\/div>\n            <\/div>\n          <\/div>\n        <\/div>\n      <\/div>\n      <div data-colibri-id=\"1078-c6\" class=\"h-row-container gutters-row-lg-2 gutters-row-md-2 gutters-row-0 gutters-row-v-lg-2 gutters-row-v-md-2 gutters-row-v-2 style-678 style-local-1078-c6 position-relative\">\n        <!---->\n        <div class=\"h-row justify-content-lg-center justify-content-md-center justify-content-center align-items-lg-stretch align-items-md-stretch align-items-stretch gutters-col-lg-2 gutters-col-md-2 gutters-col-0 gutters-col-v-lg-2 gutters-col-v-md-2 gutters-col-v-2\">\n          <!---->\n          <div class=\"h-column h-column-container d-flex h-col-lg-auto h-col-md-auto h-col-auto style-679-outer style-local-1078-c7-outer\">\n            <div data-colibri-id=\"1078-c7\" class=\"d-flex h-flex-basis h-column__inner h-px-lg-2 h-px-md-2 h-px-2 v-inner-lg-2 v-inner-md-2 v-inner-2 style-679 style-local-1078-c7 position-relative\">\n              <!---->\n              <!---->\n              <div class=\"w-100 h-y-container h-column__content h-column__v-align flex-basis-100 align-self-lg-start align-self-md-start align-self-start\">\n                <!---->\n                <div data-colibri-id=\"1078-c8\" class=\"style-680 style-local-1078-c8 position-relative h-element\">\n                  <!---->\n                  <div>\n                    \n<table id=\"tablepress-1\" class=\"tablepress tablepress-id-1\">\n<thead>\n<tr class=\"row-1 odd\">\n\t<th class=\"column-1\">Miot<\/th><th class=\"column-2\">Mama<\/th><th class=\"column-3\">Tata<\/th><th class=\"column-4\">Dzieci<\/th><th class=\"column-5\">Data Urodzenia<\/th><th class=\"column-6\">Szczeg\u00f3\u0142y<\/th>\n<\/tr>\n<\/thead>\n<tbody class=\"row-hover\">\n<tr class=\"row-2 even\">\n\t<td class=\"column-1\">A<\/td><td class=\"column-2\">Berenika Z Jadeitu*PL<\/td><td class=\"column-3\">Flash Ericus*PL<\/td><td class=\"column-4\">Alik ; Aimee<\/td><td class=\"column-5\">9-12-2008r<\/td><td class=\"column-6\"><a href=\"https:\/\/kotki.ain-point.pl\/?page_id=742\">Miot A<\/a><\/td>\n<\/tr>\n<tr class=\"row-3 odd\">\n\t<td class=\"column-1\">B<\/td><td class=\"column-2\">Berenika Z Jadeitu*PL<\/td><td class=\"column-3\">Flash Ericus*PL<\/td><td class=\"column-4\">Bianca<\/td><td class=\"column-5\">1-01-2010r<\/td><td class=\"column-6\"><a href=\"https:\/\/kotki.ain-point.pl\/?page_id=1302\">Miot B<\/a><\/td>\n<\/tr>\n<tr class=\"row-4 even\">\n\t<td class=\"column-1\">C<\/td><td class=\"column-2\">Eri Wibrysek*PL<\/td><td class=\"column-3\">Flash Ericus*PL<\/td><td class=\"column-4\">Cent ; Chico ; Cypis<\/td><td class=\"column-5\">24-06-2010r<\/td><td class=\"column-6\"><a href=\"https:\/\/kotki.ain-point.pl\/?page_id=1321\">Miot C<\/a><\/td>\n<\/tr>\n<tr class=\"row-5 odd\">\n\t<td class=\"column-1\">D<\/td><td class=\"column-2\">Berenika Z Jadeitu*PL<\/td><td class=\"column-3\">Flash Ericus*PL<\/td><td class=\"column-4\">Dafne ; Daisy ; Dante ; Donia<\/td><td class=\"column-5\">10-09-2010r<\/td><td class=\"column-6\"><a href=\"https:\/\/kotki.ain-point.pl\/?page_id=1393\">Miot D<\/a><\/td>\n<\/tr>\n<tr class=\"row-6 even\">\n\t<td class=\"column-1\">E<\/td><td class=\"column-2\">Eri Wibrysek*PL<\/td><td class=\"column-3\">Flash Ericus*PL<\/td><td class=\"column-4\">Elea  ; Elly ; Emiko ; Enya ; Esta ; Ezzio<\/td><td class=\"column-5\">10-06-2011r<\/td><td class=\"column-6\"><a href=\"https:\/\/kotki.ain-point.pl\/?page_id=1459\">Miot E<\/a><\/td>\n<\/tr>\n<tr class=\"row-7 odd\">\n\t<td class=\"column-1\">F<\/td><td class=\"column-2\">Berenika Z Jadeitu*PL<\/td><td class=\"column-3\">Cent Z G\u00f3r Sajan*PL<\/td><td class=\"column-4\">Fado ; Fibi ; Filemon ; Filip ;Fiona ; Flash Jr. ; Frodo<\/td><td class=\"column-5\">02-05-2012r<\/td><td class=\"column-6\"><a href=\"https:\/\/kotki.ain-point.pl\/?page_id=1489\">Miot F<\/a><\/td>\n<\/tr>\n<tr class=\"row-8 even\">\n\t<td class=\"column-1\">G<\/td><td class=\"column-2\">Eri Wibrysek*PL<\/td><td class=\"column-3\">Adonis Kr\u00f3lestwo Pusi*PL<\/td><td class=\"column-4\">Gaja  ; Gandalf  ; Giba  ; Grey  ; Gucio<\/td><td class=\"column-5\">12-09-2013r<\/td><td class=\"column-6\"><a href=\"https:\/\/kotki.ain-point.pl\/?page_id=1587\">Miot G<\/a><\/td>\n<\/tr>\n<tr class=\"row-9 odd\">\n\t<td class=\"column-1\">H<\/td><td class=\"column-2\">Berenika Z Jadeitu*PL<\/td><td class=\"column-3\">Indre Z 1000 Jezior*PL<\/td><td class=\"column-4\">Hailie  ; Helios  ; Heros  ; Horacy  ; Hugo<\/td><td class=\"column-5\">03-05-2014r<\/td><td class=\"column-6\"><a href=\"https:\/\/kotki.ain-point.pl\/?page_id=2002\">Miot H<\/a><\/td>\n<\/tr>\n<tr class=\"row-10 even\">\n\t<td class=\"column-1\">I<\/td><td class=\"column-2\">Berenika Z Jadeitu*PL<\/td><td class=\"column-3\">Giba Z G\u00f3r Sajan*PL<\/td><td class=\"column-4\">Iggy  ; Ivy  ; Izzy<\/td><td class=\"column-5\">03-04-2015r<\/td><td class=\"column-6\"><a href=\"https:\/\/kotki.ain-point.pl\/?page_id=2038\">Miot I<\/a><\/td>\n<\/tr>\n<tr class=\"row-11 odd\">\n\t<td class=\"column-1\">J<\/td><td class=\"column-2\">Eri Wibrysek*PL<\/td><td class=\"column-3\">Borys Zwyci\u0119zca*PL<\/td><td class=\"column-4\">Jasmin ; Java<\/td><td class=\"column-5\">19-05-2015r<\/td><td class=\"column-6\"><\/td>\n<\/tr>\n<tr class=\"row-12 even\">\n\t<td class=\"column-1\">K<\/td><td class=\"column-2\">Ivy Z G\u00f3r Sajan*PL<\/td><td class=\"column-3\">Volodar of Vasilek<\/td><td class=\"column-4\">Kaja ; Kropka<\/td><td class=\"column-5\">07-06-2017r<\/td><td class=\"column-6\"><\/td>\n<\/tr>\n<tr class=\"row-13 odd\">\n\t<td class=\"column-1\">L<\/td><td class=\"column-2\">Ivy Z G\u00f3r Sajan*PL<\/td><td class=\"column-3\">Volodar of Vasilek<\/td><td class=\"column-4\">Leila ; Lolek ; Luna ; Lucky ; Leo<\/td><td class=\"column-5\">15-04-2018r<\/td><td class=\"column-6\"><\/td>\n<\/tr>\n<tr class=\"row-14 even\">\n\t<td class=\"column-1\">M<\/td><td class=\"column-2\">Kropka Z G\u00f3r Sajan*PL<\/td><td class=\"column-3\">Bruno Cezaria*PL<\/td><td class=\"column-4\">Miko ; Mona ; Maya ; Mia<\/td><td class=\"column-5\">05-07-2019r<\/td><td class=\"column-6\"><\/td>\n<\/tr>\n<tr class=\"row-15 odd\">\n\t<td class=\"column-1\">N<\/td><td class=\"column-2\">Kaja Z G\u00f3r Sajan*PL<\/td><td class=\"column-3\">Bruno Cezaria*PL<\/td><td class=\"column-4\">Neo ; Nikodem ; Nutka ; Niko<\/td><td class=\"column-5\">20-05-2020r<\/td><td class=\"column-6\"><\/td>\n<\/tr>\n<tr class=\"row-16 even\">\n\t<td class=\"column-1\">O<\/td><td class=\"column-2\">Kropka Z G\u00f3r Sajan*PL<\/td><td class=\"column-3\">Bruno Cezaria*PL<\/td><td class=\"column-4\">Olaf ; Onyx ; Ori ; Oliwka<\/td><td class=\"column-5\">31-12-2020r<\/td><td class=\"column-6\"><\/td>\n<\/tr>\n<tr class=\"row-17 odd\">\n\t<td class=\"column-1\">P<\/td><td class=\"column-2\">Nutka Z G\u00f3r Sajan*PL<\/td><td class=\"column-3\">Valday, Veresk Line*RU<\/td><td class=\"column-4\">Pixel ; Proton<\/td><td class=\"column-5\">11-06-2021r<\/td><td class=\"column-6\"><\/td>\n<\/tr>\n<tr class=\"row-18 even\">\n\t<td class=\"column-1\">R<\/td><td class=\"column-2\">Kaja Z G\u00f3r Sajan*PL<\/td><td class=\"column-3\">Bruno Cezaria*PL<\/td><td class=\"column-4\">Romeo ; Rambo ; Rumcajs ; Roxie<\/td><td class=\"column-5\">2-08-2021r<\/td><td class=\"column-6\"><\/td>\n<\/tr>\n<tr class=\"row-19 odd\">\n\t<td class=\"column-1\">S<\/td><td class=\"column-2\">Kropka Z G\u00f3r Sajan*PL<\/td><td class=\"column-3\">Bruno Cezaria*PL<\/td><td class=\"column-4\">Simba ; Szelma ; Sati<\/td><td class=\"column-5\">24-02-2022r<\/td><td class=\"column-6\"><\/td>\n<\/tr>\n<tr class=\"row-20 even\">\n\t<td class=\"column-1\">T<\/td><td class=\"column-2\">Nutka Z G\u00f3r Sajan*PL<\/td><td class=\"column-3\">Valday, Veresk Line*RU<\/td><td class=\"column-4\">Tymon ; Teddy ; Tesla ; Tigra<\/td><td class=\"column-5\">27-05-2022r<\/td><td class=\"column-6\"><\/td>\n<\/tr>\n<\/tbody>\n<\/table>\n<!-- #tablepress-1 from cache -->\n                  <\/div>\n                <\/div>\n              <\/div>\n            <\/div>\n          <\/div>\n        <\/div>\n      <\/div>\n    <\/div>\n  <\/div>\n<\/div>","protected":false},"excerpt":{"rendered":"<p>Wszystkie Mioty urodzone w naszej hodowli&nbsp;(tabel\u0119 mo\u017cna sortowa\u0107)&nbsp;:&nbsp;<\/p>\n","protected":false},"author":1,"featured_media":0,"parent":0,"menu_order":0,"comment_status":"closed","ping_status":"closed","template":"page-templates\/full-width-page.php","meta":{"ngg_post_thumbnail":0,"footnotes":""},"class_list":["post-1078","page","type-page","status-publish","hentry"],"_links":{"self":[{"href":"https:\/\/kotki.ain-point.pl\/index.php?rest_route=\/wp\/v2\/pages\/1078","targetHints":{"allow":["GET"]}}],"collection":[{"href":"https:\/\/kotki.ain-point.pl\/index.php?rest_route=\/wp\/v2\/pages"}],"about":[{"href":"https:\/\/kotki.ain-point.pl\/index.php?rest_route=\/wp\/v2\/types\/page"}],"author":[{"embeddable":true,"href":"https:\/\/kotki.ain-point.pl\/index.php?rest_route=\/wp\/v2\/users\/1"}],"replies":[{"embeddable":true,"href":"https:\/\/kotki.ain-point.pl\/index.php?rest_route=%2Fwp%2Fv2%2Fcomments&post=1078"}],"version-history":[{"count":4,"href":"https:\/\/kotki.ain-point.pl\/index.php?rest_route=\/wp\/v2\/pages\/1078\/revisions"}],"predecessor-version":[{"id":1184,"href":"https:\/\/kotki.ain-point.pl\/index.php?rest_route=\/wp\/v2\/pages\/1078\/revisions\/1184"}],"wp:attachment":[{"href":"https:\/\/kotki.ain-point.pl\/index.php?rest_route=%2Fwp%2Fv2%2Fmedia&parent=1078"}],"curies":[{"name":"wp","href":"https:\/\/api.w.org\/{rel}","templated":true}]}}